8
Calculate the greatest common divisor of 216 and 12196422.
18
What is the greatest common factor of 1825897842 and 6?
6
Calculate the highest common factor of 178961 and 760.
19
What is the greatest common divisor of 192856 and 24?
8
What is the highest common factor of 25893423 and 621?
207
What is the highest common factor of 4305 and 12236245?
1435
What is the greatest common factor of 13845 and 327795?
195
Calculate the greatest common divisor of 104136617 and 1679.
1679
What is the greatest common divisor of 9209497 and 203104?
6347
What is the greatest common factor of 1280089687 and 262?
131
Calculate the highest common factor of 1731532 and 2062640.
5428
What is the greatest common factor of 12042 and 101500680?
1338
What is the greatest common factor of 3672 and 30314808?
1224
What is the greatest common divisor of 217 and 365650859?
217
Calculate the greatest common divisor of 222463 and 107331.
269
What is the greatest common divisor of 25185600 and 106560?
2880
Calculate the highest common factor of 21088060 and 177590.
3010
Calculate the greatest common factor of 1690110403 and 391.
391
What is the greatest common factor of 3390 and 208980?
30
What is the greatest common divisor of 484183509 and 3405?
681
Calculate the greatest common factor of 458097509 and 127.
127
Calculate the greatest common divisor of 5740074 and 293562.
6246
What is the highest common factor of 585 and 5196295?
65
What is the greatest common divisor of 35092314 and 36?
18
Calculate the greatest common factor of 748 and 285413.
17
What is the highest common divisor of 28466856 and 279?
9
What is the highest common factor of 10045 and 2381485?
205
Calculate the greatest common factor of 672626 and 26.
2
Calculate the highest common divisor of 6 and 337906701.
3
Calculate the greatest common divisor of 56 and 6026650.
14
What is the greatest common divisor of 3393103 and 19?
1
Calculate the greatest common divisor of 1456 and 4384528.
16
Calculate the highest common factor of 171675 and 17896725.
1575
What is the highest common factor of 62933792 and 32?
32
Calculate the greatest common factor of 750792 and 5901.
21
Calculate the greatest common divisor of 58 and 27288913.
29
Calculate the greatest common divisor of 3754806 and 330.
66
Calculate the highest common divisor of 41038 and 1061786.
578
Calculate the greatest common factor of 46588 and 3026381.
613
Calculate the greatest common divisor of 4182 and 166095018.
246
What is the greatest common factor of 13132 and 106463?
469
What is the greatest common factor of 126981909 and 2504?
313
Calculate the highest common divisor of 3213 and 36065806.
119
What is the greatest common divisor of 215263 and 1700191?
1289
Calculate the greatest common factor of 147328 and 10674374.
2302
Calculate the greatest common divisor of 754171 and 24089.
1853
What is the greatest common divisor of 9 and 9818481?
3
Calculate the greatest common factor of 36 and 1147382256.
12
Calculate the highest common factor of 47848070 and 10.
10
What is the greatest common divisor of 59643 and 441?
9
Calculate the highest common divisor of 140 and 3270610.
70
What is the greatest common factor of 506 and 3856985?
253
Calculate the greatest common factor of 450216 and 153.
9
Calculate the highest common divisor of 61365 and 9555.
15
Calculate the greatest common factor of 810 and 285630.
30
What is the highest common divisor of 2237623 and 6439?
47
Calculate the highest common factor of 1371627 and 71928.
999
What is the greatest common factor of 7320 and 22037592?
1464
Calculate the highest common divisor of 347594 and 689.
13
Calculate the highest common divisor of 37180 and 1006564.
676
What is the highest common factor of 79476 and 1874716?
148
Calculate the greatest common divisor of 1351 and 1468151.
193
What is the highest common factor of 1356 and 40269810?
678
What is the greatest common divisor of 42 and 317212?
14
Calculate the greatest common factor of 41663 and 38003.
61
What is the greatest common divisor of 7120 and 217180?
20
What is the greatest common factor of 54 and 70563123?
27
Calculate the greatest common factor of 762 and 3406648.
254
Calculate the greatest common divisor of 5826998 and 111179.
1523
What is the highest common divisor of 417 and 8684303?
139
What is the greatest common divisor of 454536 and 36462?
354
Calculate the highest common divisor of 225760 and 398480.
1360
What is the greatest common factor of 1794558 and 567474?
2094
Calculate the greatest common divisor of 476 and 1530578.
238
What is the highest common factor of 18402767 and 6511?
383
What is the greatest common divisor of 3625 and 508732500?
3625
Calculate the greatest common divisor of 6801121 and 308853.
1271
What is the greatest common divisor of 215 and 956277?
43
What is the highest common divisor of 413895 and 745?
5
What is the highest common divisor of 1379 and 2506037?
197
What is the highest common divisor of 3497376 and 6?
6
What is the greatest common factor of 2249 and 2115451?
13
Calculate the greatest common factor of 357726606 and 5884.
2942
Calculate the highest common factor of 8239342 and 2615.
523
What is the highest common factor of 24030 and 135540?
270
Calculate the highest common factor of 8745 and 4277085.
15
What is the highest common divisor of 1680850419 and 3174?
1587
Calculate the greatest common divisor of 45524 and 1612508.
2396
Calculate the greatest common factor of 112137714 and 90.
18
Calculate the greatest common divisor of 25504525 and 76985.
865
What is the greatest common divisor of 9843 and 188241?
51
What is the highest common divisor of 2598084 and 4140?
36
What is the greatest common divisor of 23580 and 1452780?
180
What is the highest common divisor of 84936 and 13632?
24
Calculate the greatest common divisor of 4832 and 82900208.
2416
What is the highest common divisor of 3708 and 249406569?
927
What is the greatest common divisor of 233394 and 271026?
42
What is the highest common factor of 25376025 and 1800?
75
Calculate the highest common divisor of 2652 and 4194138.
1326
Calculate the greatest common factor of 219 and 1117119.
219
What is the greatest common factor of 6729480 and 2418?
186
Calculate the highest common factor of 132195 and 207075.
15
What is the greatest common factor of 103364075 and 155?
155
Calculate the greatest common divisor of 75371 and 664999.
667
What is the highest common factor of 5772 and 16276?
52
Calculate the highest common factor of 1947499 and 10.
1
Calculate the greatest common factor of 12295 and 5808158.
2459
Calculate the highest common factor of 2631 and 958561.
877
What is the highest common divisor of 23055396 and 8944?
2236
What is the greatest common factor of 262431 and 2340?
117
What is the greatest common factor of 82425 and 95550?
525
Calculate the highest common divisor of 308 and 8027173.
77
What is the highest common divisor of 15301231 and 547?
547
What is the greatest common divisor of 770 and 437114986?
154
Calculate the highest common factor of 288 and 474798096.
144
Calculate the highest common divisor of 18 and 71052999.
3
Calculate the highest common factor of 238 and 53204662.
238
What is the highest common divisor of 174890655 and 27?
9
Calculate the greatest common factor of 2502 and 5137718.
278
What is the highest common divisor of 44 and 38493928?
44
Calculate the highest common factor of 279155 and 426250.
155
Calculate the greatest common factor of 219239 and 238655.
809
What is the highest common factor of 202758 and 33?
3
What is the highest common divisor of 106155 and 1056420?
45
Calculate the highest common factor of 1845050262 and 33.
33
What is the greatest common divisor of 26032 and 17068?
4
What is the highest common divisor of 799284 and 2967?
129
Calculate the greatest common factor of 2857668 and 84.
12
What is the highest common factor of 10 and 14364110?
10
Calculate the greatest common divisor of 4226360 and 48472.
664
What is the greatest common divisor of 8584 and 7764968?
296
Calculate the highest common factor of 2304162 and 399.
21
Calculate the greatest common divisor of 1731390 and 1680.
30
What is the greatest common factor of 811160 and 3?
1
Calculate the greatest common factor of 7246522 and 